).
-9
Let n(l) = 3*l - 2*l + 3*l - l**2 + 5 - 3. Let h(j) = j**2 + 2*j + 4. Let d be h(8). Let s be 4/14 + 480/d. Calculate n(s).
-10
Let t = -9 - -10. Let f(c) be the third derivative of -7*c**4/24 + c**3/6 + 208*c**2. What is f(t)?
-6
Suppose -3*j - v = -17, -2*j + 2*v = -7*j + 30. Let c(a) = -a**3 - a**2 - a - j*a**3 - 1 + 4*a**3 - 4*a**3. Calculate c(-1).
4
Let i(z) = z**2 + z + 2. Let g(j) = -j**2 - 9*j + 55. Let y be g(-13). Suppose y*w - 4 = 2*v, w = 5*v - 0 + 10. Give i(w).
2
Let i(f) = 3*f**2 - f - 4. Suppose -5*n + 4 = -7*n. Let j(y) = -4*y**2 + 3. Let v(u) = n*j(u) - 3*i(u). Let c be (2 - 4/(-8))*2. Give v(c).
-4
Let v(z) = -z**2 + 13*z + 8. Let q be v(14). Let d(a) = a - 2. Determine d(q).
-8
Let o(r) = 7*r**2 + 5*r - 12. Let p(t) = 9*t**2 + 5*t - 10. Let l(f) = 4*o(f) - 3*p(f). What is l(-7)?
-4
Let d(b) = -b**2 - 10*b - 4. Let p be (18/10 - 0)/(2/(-10)). What is d(p)?
5
Let n(b) be the third derivative of b**4/12 - 2*b**3 - 6*b**2 + 3*b. What is n(11)?
10
Let t(z) be the second derivative of -1/3*z**3 - 3/2*z**2 + 0 + 16*z. What is t(-5)?
7
Suppose -5*q - 2*z + 4*z + 253 = 0, 4*q - 206 = -2*z. Let x(s) = -s**3 - 100*s - s**2 + q*s - 11 + 50*s. What is x(0)?
-11
Suppose -2*o + 24 = 32. Let b(f) = f**3 + 5*f**2 + 7*f + 10. Determine b(o).
-2
Let a be (15 - -3)/((-3)/4) - -1. Let s = a - -29. Let b(p) = p**3 - 7*p**2 + 5*p - 2. Give b(s).
-8
Suppose 4*x - 26 + 30 = 0. Let z(v) = 53*v**2 + v + 1. Give z(x).
53
Let v(o) = -o**2 - 6*o + 2. Let r be ((-8)/(-10))/((-8)/160). Let k = -16 - r. Suppose -2*y - 4 = 5*c + 1, -5*y + 25 = k. What is v(c)?
11
Suppose -2*f + 4 = 3*b - 3, 5*b - 14 = -f. Let w(c) = 13*c + 1. Give w(f).
-12
Suppose 3*z + 2*s = -3*s - 278, 0 = 4*z - s + 340. Let d = z + 90. Let m(k) = -4*k + 6. Give m(d).
-10
Let o = -15 - -21. Let n(w) = -5*w**3 + o*w**2 + 7*w**3 + 3 + w**3 - 4*w**3. Let v be (-4)/(-10) + (-56)/(-10). Give n(v).
3
Let r(w) be the first derivative of -w**5/120 + 2*w**4/3 - 11*w**3/3 - 6. Let j(d) be the third derivative of r(d). Give j(7).
9
Suppose 5*b - 27 - 28 = 0. Suppose -30 = 5*z - b*z. Let s(t) = -2 + 5 - 1 + 0 - z*t. Calculate s(2).
-8
Suppose 65*i = 70*i - 25. Let v(h) = h**2 - 7*h. Calculate v(i).
-10
Let w be 2/11 - 884/22. Let r be (-8)/w + 8/10. Suppose 2*m + m - 17 = 4*d, d + r = 4*m. Let v(t) = -t**3 - 6*t**2 - 5*t + 3. Give v(d).
3
Let a(g) = g + 2. Suppose 14 = -2*q - 0*u - 2*u, -q - 3*u = 15. Calculate a(q).
-1
Suppose 2*a - 12 = -2*a. Let j(x) = -3*x - 3*x**2 + 4*x**2 + a*x + 7 + x. Determine j(0).
7
Let t = 29 + -17. Suppose 4*j = t, -5*g = -3*j + 5*j - 21. Let z(q) = q**3 - 5*q**2 - q + 2. Determine z(g).
-19
Let j(p) = p - 1. Suppose 0 = 4*g - 8*g + 5*x - 40, -20 = 2*g - 2*x. Let h = g - -8. Let q be j(h). Let c(u) = -2*u - 3. Give c(q).
3
Let h(d) = -2*d**3 + d**2 + d. Let f(i) = -9*i**3 + 9*i**2 + 12*i - 8. Let q(y) = f(y) - 4*h(y). Give q(6).
4
Suppose 2*m + 8 = 6*m. Let v(q) = 3 - m*q - 3. Let d = -6472 - -6476. Calculate v(d).
-8
Let b(w) = 2*w**2 - 12*w - 6. Let d(y) = -5*y**2 + 35*y + 14. Let g(z) = 8*b(z) + 3*d(z). Determine g(-8).
-14
Let z(k) = 2 + 4*k**2 - 6 - 3*k**2. Suppose 5*j + 5*m = 4*j - 17, -3*j = -2*m - 17. Give z(j).
5
Let n(h) be the first derivative of 9/2*h**2 - 17 + 2*h + 1/3*h**3. Determine n(-6).
-16
Let r be (18/15)/(6/20). Let u(p) be the second derivative of -2*p**3/3 - p**2 - 3*p. What is u(r)?
-18
Let f(m) be the third derivative of m**9/60480 - m**8/3360 + m**7/1260 + m**6/120 + m**5/30 + 10*m**2. Let d(v) be the third derivative of f(v). Calculate d(5).
1
Let v(o) = o**3 + 10*o**2 + 12*o + 19. Let u be v(-8). Suppose 3*d + 3*a + 2 = -40, u = -4*d - 3*a. Let p(n) = n**3 + 8*n**2 - 7*n + 13. What is p(d)?
-5
Suppose -h = -3*z - 3 + 10, -4*z + 2 = -5*h. Let i be 7*z/(-6)*2. Let m(s) = s**2 + 7*s + 3. Give m(i).
3
Let x(j) = -3*j**2 + 24*j - 17*j + 35 - 32*j - j**3 + 28*j**2. Give x(24).
11
Suppose 2*p - 20 = -0*p. Let m(f) = f**2 + p + 7 - 7*f - 8. Let d(c) = -3*c - 9. Let a be d(-5). Calculate m(a).
3
Let f(r) = 2*r**2 - 10*r + 1. Let p = -1098 + 1105. What is f(p)?
29
Let l(h) = 2*h + 14. Let j be l(-5). Let q(c) be the second derivative of -1/12*c**j + 4/3*c**3 + 0*c**2 + 0 - c. Give q(7).
7
Let b(u) = -4 - 2*u**2 + 3 + 2 + 4*u**2. Suppose 118*d = 109*d - 18. Calculate b(d).
9
Let a(v) = 6 + 25*v**2 - 3*v - 14*v**2 - 5*v - 12*v**2 + 6*v. Calculate a(-3).
3
Let g(f) = -2*f - 10. Suppose 9*v - 19 + 64 = 0. Give g(v).
0
Let r(n) = 2*n - 9. Let a be r(12). Let o = a - 12. Let j(m) = 2 - o - 2*m + 2. Give j(3).
-5
Let n be (-6)/(4 - 2) + (-85)/(-17). Let t(u) = 5*u**n + 1434*u - 2*u**2 - 1443*u - 2*u**2 - 2. What is t(9)?
-2
Let p = -152 - -154. Suppose -4*o - 30 = p*t, 2*t - 3*t + 2*o = -5. Let f(j) = -j**3 - 6*j**2 - 8*j - 3. Determine f(t).
12
Suppose -5*w + 2*y + 30 = 0, 6 = w - 0*w + 2*y. Let g(m) be the second derivative of -3/2*m**2 + 0 - w*m - 1/6*m**3. Determine g(3).
-6
Let f(r) = r - 1. Suppose -6*a + 206 = -148. Let k = -58 + a. Give f(k).
0
Let l(d) = 832 - d + d + d - 824. What is l(-9)?
-1
Let q(k) = k**3 + 3*k**2 + k + 3. Let u(p) = 0*p**3 + 4*p**3 - 6*p**3 + 3*p**3 - 11 + 9*p**2 + 7*p. Let v be u(-8). Calculate q(v).
0
Let j(r) be the third derivative of -r**5/60 - r**4/4 + 84*r**2. What is j(-8)?
-16
Suppose 3*b + 2*b + 5*v = 15, 2*v - 6 = -3*b. Let z(i) = -i - 304 + b*i + 303. Suppose -2*c = -4*t - 2, -5*t + 11 + 3 = 3*c. Give z(c).
-4
Suppose 0 = k + 2*s - 5*s + 7, -2*k = 3*s + 5. Let z be (-3)/k*-2*4/6. Let h(w) = 7*w**3 + 2*w**2 + 2*w + 1. Calculate h(z).
-6
Let l be 56/20 + (-4)/5. Let n(d) = -d**2 - 41 + 44 - 2*d + 5*d**3 + l*d**2. Let j(q) = q**3 + q**2. Let s(a) = 6*j(a) - n(a). What is s(-4)?
5
Let s(y) = -y**2 + 14*y - 16. Let m(z) = 5*z**2 - 67*z + 80. Let c(w) = -2*m(w) - 11*s(w). Determine c(19).
-3
Suppose 4*t - 7 = 3*i, 5*i - 7 = -5*t + 28. Let q(w) = -w + 10 - i + 1. Let c be 1 + (-4)/8*-14. What is q(c)?
0
Suppose 2*i = -3*i. Suppose 2 = 2*g + m, g - 3*g + 3*m + 18 = 0. Let y(o) = 0*o**2 + o**2 + 5*o + o**3 - 5*o - g. Determine y(i).
-3
Let m(d) = d**2 + 4*d - 4. Let q be ((-100)/8)/(-5)*(-10)/5. Let t be m(q). Let r(a) = -a**2 + 0*a**2 + 5*a**2 + 1. Determine r(t).
5
Suppose -4*n + 12 = 5*g, 3*n + 0*n + 5*g = 9. Let b(u) be the third derivative of u**2 - 1/30*u**5 + 1/6*u**3 + 1/120*u**6 + 0 - 1/12*u**4 + 0*u. Give b(n).
4
Let c(y) = -9 + y**3 + 2*y**2 + 3*y**2 + y**2 - 7*y - y. Give c(-7).
-2
Let p(t) = 3*t**3 + 3*t**2 - 3*t - 9. Let m(v) = -9*v**3 - 8*v**2 + 8*v + 25. Let o(d) = -4*m(d) - 11*p(d). What is o(-2)?
-31
Suppose 4*z + 13 = -4*q - 31, 2*q = 4*z + 56. Let y(a) = a**2 + 13*a. Determine y(z).
0
Suppose 5 = -7*w + 26. Let u(r) = -4*r - 3. Give u(w).
-15
Let b be 3 - (12/9)/(18/(-81)). Let c(u) = -u**3 + 9*u**2 - 5. Give c(b).
-5
Suppose -5*a - 28 = 4*q, -14 - 1 = -5*q. Let n(j) = j**2 + 9*j + 4. Determine n(a).
-4
Let s(p) = p**2 + 3*p - 5. Let x(q) = 1. Let w(k) = 1. Let l(d) = -w(d) + 2*x(d). Let z(f) = 3*l(f) + s(f). Calculate z(2).
8
Let d(t) = -t**3 - 6*t**2 - 7*t - 5. Suppose 5*w - 23 = -2*o, 5*o + 0*o = -2*w + 5. Suppose -48 = -w*n - 13. Let g be 60/(-14) - (-2)/n. Calculate d(g).
-9
Suppose -2*j - 20 = 3*r, 17 - 5 = -5*r + 2*j. Let v(p) = -3*p - 5. Determine v(r).
7
Let h(l) be the first derivative of l**2 - 6*l + 66. Give h(6).
6
Suppose -24*j - 81 = 39. Let h(x) = x + 10. What is h(j)?
5
Let a(z) = -z**3 - z**2 + z - 7. Let c be a(-3). Let i(w) = -w**3 + 7*w**2 + 9*w - 8. Let p(x) = -1. Let d(m) = -i(m) + 5*p(m). Calculate d(c).
-5
Let t(m) = -m - 5. Let v be t(-4). Let d(s) = 10 + 18 + 8*s - 52 + 13 + 10. Calculate d(v).
-9
Let l(n) = -n**2 - 8*n - 9. Suppose -a = -5*t - 104, -3*t + 2*a + 86 = -7*t. Let b be (-153)/21 - 6/t. Give l(b).
-2
Let b(r) = r**3 + r**2 + 1. Suppose 0 = -3*p + 2*p - 12. Let n be (-1 - -1)/(p/(-4) + -4). Determine b(n).
1
Suppose v - 2*v = -3. Suppose 2*b + 0*b = -v*w - 21, -w = 5*b + 33. Let z(x) = x - 3. What is z(b)?
-9
Let g = -8 - 35. Let q = -39 - g. Let k(b) = b**2 - 3*b + 4. What is k(q)?
8
Let g(y) = 3*y**3 - 9*y**2 + 7*y + 5. Let t(c) = 4*c**3 - 13*c**2 + 10*c + 7. Let o(u) = 7*g(u) - 5*t(u). Determine o(-3).
-6
Let g(s) = -30*s - 29*s - 35*s + 43 + 91*s. Give g(14).
1
Let q(b) = -14*b + 26. Let d be q(2). Let i(z) = -6*z - 3. Determine i(d).
9
Suppose 7 = -2